= -l**3 + 6*l**2 + 11*l - 5. Give v(7).
23
Let l(s) = s**3 - 9*s**2 + 7*s + 11. Determine l(4).
-41
Let p(d) = 6*d - 1. Give p(1).
5
Let j(f) = -11*f + 331. Determine j(31).
-10
Let s(r) = -r**3 - 6*r**2 + 4*r - 2. What is s(-4)?
-50
Let a(f) = -2*f**2 + 3*f + 4. Give a(-4).
-40
Let g(z) = z + 9. Give g(-10).
-1
Let g(m) = m**3 + 2*m**2 - 2*m + 4. What is g(2)?
16
Let x(r) = -r**2 - 10*r - 21. Calculate x(-8).
-5
Let z(i) = i**2 - 11*i + 13. What is z(8)?
-11
Let v(z) = -5*z + 64. Give v(10).
14
Let i(u) = u**2 + 39*u + 41. What is i(-38)?
3
Let l(w) = w**2 - 13*w + 19. Calculate l(18).
109
Let u(m) = 47*m + 40. Calculate u(-1).
-7
Let i(m) = 9*m - 5. What is i(-6)?
-59
Let y(v) = -4*v - 43. Give y(-11).
1
Let l(h) = -3*h + 19. Determine l(-10).
49
Let o(a) = -3*a + 51. Determine o(20).
-9
Let u(f) = -29*f - 465. Determine u(-15).
-30
Let n(l) = l**2 + 14*l - 12. Determine n(-13).
-25
Let d(a) = -a**3 + 14*a**2 + 14*a + 12. What is d(15)?
-3
Let u(c) = c**2 + 8*c + 10. What is u(-7)?
3
Let u(m) = m - 23. Determine u(-10).
-33
Let f(p) = p**3 + 20*p**2 + 19*p + 7. What is f(-19)?
7
Let k(d) = d**2 - 30*d + 74. Determine k(27).
-7
Let s(a) = -2*a**2 + 4. Calculate s(-3).
-14
Let b(v) = v**3 - v**2 - 8*v - 7. Calculate b(4).
9
Let d(q) = -q**3 - 41*q**2 + 89*q + 128. Determine d(-43).
-1
Let r(b) = 6*b**2 + 5*b + 4. Determine r(-1).
5
Let s(n) = -n**2 + 22*n - 107. Calculate s(15).
-2
Let t(a) = a**3 + a**2 - 16*a - 33. Give t(-3).
-3
Let x(h) = 11*h + 149. Determine x(-20).
-71
Let c(d) = -d**2 + 16*d - 11. Calculate c(15).
4
Let f(p) = 7*p**2 + 23*p - 11. What is f(-6)?
103
Let k(a) = -a - 8. Determine k(-11).
3
Let r(j) = -j**3 + 15*j**2 + 35*j + 6. Determine r(17).
23
Let z(m) = 2*m**3 - 5*m**2 + 4*m - 7. Calculate z(3).
14
Let z(t) = t**3 - 10*t**2 - 3*t + 10. What is z(10)?
-20
Let g(r) = -r**2 + 22*r + 101. Give g(27).
-34
Let v(j) = j**3 - 10*j**2 + 9*j - 1. Determine v(9).
-1
Let m(k) = -7*k - 42. Determine m(-7).
7
Let h(y) = 9*y**2 + 74*y + 75. Calculate h(-1).
10
Let v(n) = n**3 - 17*n**2 - 12*n - 20. What is v(18)?
88
Let h(g) = g**3 - 9*g**2 + 11. What is h(9)?
11
Let r(u) = u + 2. Determine r(-3).
-1
Let m(p) = -p**2 + 11*p + 105. Give m(17).
3
Let r(y) = -11*y - 54. What is r(-5)?
1
Let m(n) = 17*n + 67. Give m(-4).
-1
Let p(h) = h**2 + 3*h - 7. What is p(-4)?
-3
Let f(s) = -8*s + 26. Determine f(11).
-62
Let k(l) = 3*l**2 + 82*l + 28. Determine k(-27).
1
Let i(c) = -2*c + 63. Determine i(18).
27
Let t(l) = l**3 - 6*l**2 - 26*l + 2. What is t(-5)?
-143
Let n(l) = -3*l**3 + 2*l + 2. Give n(-1).
3
Let w(j) = -3*j**2 - 3*j. Calculate w(-2).
-6
Let q(a) = 3*a**3 + 4*a**2 + 6*a + 2. Calculate q(-2).
-18
Let b(s) = 6*s + 16. Determine b(-4).
-8
Let v(n) = -n**2 - 4*n - 2. Give v(-5).
-7
Let q(v) = -6*v + 47. Determine q(10).
-13
Let s(y) = 7*y + 59. Calculate s(-11).
-18
Let x(b) = 3*b - 57. Calculate x(17).
-6
Let k(c) = c**3 + 5*c**2 - c - 9. Calculate k(-6).
-39
Let r(w) = -23*w - 121. Determine r(-6).
17
Let b(u) = 15*u - 23. Give b(4).
37
Let f(n) = 2*n**2 - 40*n + 1. Determine f(20).
1
Let b(j) = -2*j**2 - 7*j + 2. Determine b(-3).
5
Let y(t) = t**3 + 5*t**2 - 3*t - 12. Give y(-5).
3
Let l(i) = -10*i + 187. What is l(22)?
-33
Let z(j) = 10*j + 65. Calculate z(-10).
-35
Let a(i) = i**3 + 11*i**2 + 15*i + 73. Determine a(-10).
23
Let m(a) = a**2 + 14*a + 19. What is m(-2)?
-5
Let d(t) = 2*t**3 - 2*t**2 + 2*t + 2. Determine d(3).
44
Let f(n) = 6*n + 174. Determine f(-30).
-6
Let c(t) = t**2 - 4*t - 2. Calculate c(2).
-6
Let s(y) = 7*y - 55. Determine s(9).
8
Let t(o) = o**3 + 3*o**2 - 7*o - 20. Determine t(-4).
-8
Let y(t) = 14*t + 1. Calculate y(-2).
-27
Let v(h) = -h**3 + 6*h**2 + 2*h + 4. Calculate v(6).
16
Let a(k) = -14*k - 413. Calculate a(-29).
-7
Let v(k) = -32*k - 10. Determine v(2).
-74
Let i(t) = t**3 + 8*t**2 - 6*t - 9. Calculate i(-7).
82
Let w(r) = 2*r**2 + 10*r - 16. Determine w(-5).
-16
Let w(c) = -c + 32. Determine w(29).
3
Let g(s) = -s + 1. What is g(7)?
-6
Let p(d) = 121*d**3 - 3*d - 2. Determine p(-1).
-120
Let l(v) = v**3 + 6*v**2 - 7*v - 10. Determine l(-7).
-10
Let k(g) = -g**3 + 3*g**2 - g - 1. Determine k(3).
-4
Let d(i) = 78*i - 1. Give d(1).
77
Let i(r) = -r**2 - 36*r - 249. What is i(-27)?
-6
Let f(m) = -3*m**2 + 16*m + 29. Give f(8).
-35
Let a(b) = b**3 - 15*b**2 + 16*b + 8. Determine a(14).
36
Let h(x) = x**3 - 3*x**2 - 18*x + 1. What is h(6)?
1
Let w(l) = 2*l**3 + 43*l**2 + 177*l - 12. Give w(-16).
-28
Let p(x) = x**3 - 11*x**2 + 12*x + 13. Give p(9).
-41
Let v(j) = 3*j**3 - 5*j**2 - 5*j + 2. Calculate v(-3).
-109
Let i(r) = r**3 + 6*r**2 + 5*r - 5. Give i(-5).
-5
Let q(v) = v**3 - 16*v**2 - v + 8. Calculate q(16).
-8
Let g(s) = -3*s**2 - 36*s + 1. Calculate g(-12).
1
Let u(a) = 6*a - 54. Give u(11).
12
Let w(u) = 16*u - 623. Determine w(39).
1
Let u(m) = -17*m + 65. What is u(5)?
-20
Let t(a) = 8*a - 17. What is t(1)?
-9
Let g(k) = 3*k**3 - 5*k**2 - k + 5. Calculate g(2).
7
Let k(i) = -i**2 + 8*i - 9. Determine k(6).
3
Let w(f) = f**2 - 5*f + 6. Determine w(8).
30
Let i(m) = 2*m + 7. Calculate i(5).
17
Let k(h) = -h**2 - 5*h + 72. Give k(6).
6
Let m(u) = -u - 15. Give m(-7).
-8
Let n(m) = -m**2 + 7*m - 7. Calculate n(4).
5
Let c(n) = -n**2 - 2*n + 10. Calculate c(-4).
2
Let s(q) = -15*q - 65. Determine s(-9).
70
Let l(z) = z**3 + 10*z**2 - 11*z - 21. Give l(-11).
-21
Let t(h) = -h**3 + 12*h**2 + 13*h - 6. Give t(13).
-6
Let l(f) = -f**3 - 5*f**2 - 2*f - 6. What is l(-4)?
-14
Let a(o) = -o**2 + 7*o + 5. What is a(8)?
-3
Let j(z) = -2*z**2 + 4*z + 4. Determine j(-3).
-26
Let g(r) = -3*r + 5. Give g(6).
-13
Let n(w) = -4*w - 4. Determine n(-10).
36
Let x(q) = 9*q + 75. Calculate x(-10).
-15
Let w(j) = -50*j + 999. What is w(20)?
-1
Let x(v) = -v**2 + v + 6. What is x(-3)?
-6
Let o(l) = 25*l + 760. What is o(-30)?
10
Let p(r) = -82*r**3 + 2*r**2 - r. Give p(1).
-81
Let p(d) = -14*d**2 - 4*d + 5. What is p(1)?
-13
Let d(i) = 5*i + 44. Calculate d(-10).
-6
Let s(o) = -o**2 + 7*o + 13. Give s(8).
5
Let x(q) = 3*q - 11. Give x(4).
1
Let r(m) = -2*m + 1. What is r(2)?
-3
Let l(b) = -b**3 - 3*b**2 - 2*b - 8. Calculate l(-3).
-2
Let z(m) = m**3 + 4*m**2 - 8*m - 7. What is z(-6)?
-31
Let m(v) = -v**2 - 5*v - 2. What is m(-9)?
-38
Let i(q) = 3*q - 13. Give i(-6).
-31
Let r(h) = 72*h - 1506. Give r(21).
6
Let c(o) = -o**2 + 16*o - 12. What is c(13)?
27
Let a(s) = s + 1. What is a(23)?
24
Let g(x) = -x**3 - 4*x**2 - 5*x - 3. What is g(-3)?
3
Let d(u) = u**2 + 9*u - 5. Give d(-9).
-5
Let g(b) = 5*b + 90. What is g(-20)?
-10
Let i(v) = -v**3 + 6*v**2 + 19*v - 11. What is i(8)?
13
Let x(z) = 2*z**3 + 15*z**2 - 9*z - 20. Determine x(-8).
-12
Let i(k) = k**3 - 8*k**2 + 9*k - 54. Determine i(8).
18
Let b(m) = 4*m + 33. Give b(-10).
-7
Let c(k) = k**2 + k - 4. What is c(2)?
2
Let a(q) = -q**2 - 37*q - 11. Give a(0).
-11
Let t(l) = l**2 - 7*l - 3. Give t(8).
5
Let n(c) = c**2 + c - 5. Calculate n(3).
7
Let j(l) = l**2 - 5*l - 6. What is j(8)?
18
Let b(d) = -d**2 + 3*d + 25. Determine b(-9).
-83
Let w(r) = r**3 - 11*r**2 + 12*r + 7. Calculate w(9).
-47
Let l(t) = -3*t - 11. Determine l(-6).
7
Let a(b) = -2*b - 44. Calculate a(0).
-44
Let k(q) = -6*q. What is k(3)?
-18
Let k(m) = 3*m - 22. What is k(9)?
5
Let w(f) = -f**3 - 6*f**2 - 3*f - 7. Determine w(-5).
-17
Let z(i) = -2*i + 4. What is z(-7)?
18
Let k(n) = n**3 + n**2 - 14*n + 3. Calculate k(3).
-3
Let d(v) = -v**2 - 28*v - 92. What is d(-24)?
4
Let p(s) = -20*s**2 - s. What is p(1)?
-21
Let w(j) = 2*j**2 + 9*j + 15. What is w(-5)?
20
Let i(j) = -j**2 - 24*j - 91. Determine i(-19).
4
Let s(r) = 2*r - 8. Calculate s(7).
6
Let a(w) = -w**3 + 30*w**2 + 69*w - 162. Determine a(32).
-2
Let g(l) = l**2 - 11*l + 12. Determine g(8).
-12
Let m(g) = g**3 + 26*g**2 - 31*g - 94. Calculate m(-27).
14
Let h(w) = -w**3 + 11*w**2 - 10*w + 3. Determine h(10).
3
Let x(n) = -3*n**2 - 7*n - 5. Determine x(4).
-81
Let a(g) = -2*g**2 - 4*g + 44. Give a(7).
-82
Let k(j) = -j**3 + 5*j**2 - j + 16. What is k(5)?
11
Let x(n) = -n**2 - 9*n - 19. What is x(-9)?
-19
Let n(c) = c**3 + 6*c**2 + c + 13. Calculate n(-6).
7
Let q(d) = 3*d**2 - 2*d - 2. Calculate q(-1).
3
Let v(l) = l**3 - 5*l**2 + 8*l - 5. Calculate v(4).
11
Let n(q) = 2*q**2 + 12*q - 5. Calculate n(-6).
-5
Let i(v) = -v**2 + 7*v - 